s divided by 2121?
19
What is the remainder when 119860 is divided by 14961?
172
Calculate the remainder when 213746 is divided by 57.
53
Calculate the remainder when 1748 is divided by 241.
61
What is the remainder when 4022 is divided by 1264?
230
What is the remainder when 49767 is divided by 630?
627
Calculate the remainder when 1526050 is divided by 11.
9
Calculate the remainder when 123730 is divided by 36.
34
What is the remainder when 113046 is divided by 55?
21
What is the remainder when 5780 is divided by 5154?
626
What is the remainder when 36355 is divided by 167?
116
What is the remainder when 43258 is divided by 16?
10
Calculate the remainder when 11744 is divided by 42.
26
Calculate the remainder when 1231 is divided by 403.
22
What is the remainder when 140251 is divided by 27?
13
What is the remainder when 46037 is divided by 15343?
8
Calculate the remainder when 3683 is divided by 463.
442
What is the remainder when 268143 is divided by 3270?
3
Calculate the remainder when 4359 is divided by 174.
9
What is the remainder when 24862 is divided by 556?
398
Calculate the remainder when 14111 is divided by 1748.
127
Calculate the remainder when 104 is divided by 85.
19
Calculate the remainder when 106587 is divided by 106580.
7
Calculate the remainder when 64598 is divided by 16130.
78
Calculate the remainder when 74680 is divided by 117.
34
Calculate the remainder when 253928 is divided by 221.
220
Calculate the remainder when 60091 is divided by 60087.
4
What is the remainder when 3653 is divided by 551?
347
Calculate the remainder when 341184 is divided by 27.
12
What is the remainder when 7364 is divided by 157?
142
What is the remainder when 309213 is divided by 829?
825
What is the remainder when 10857 is divided by 1807?
15
What is the remainder when 483326 is divided by 3?
2
What is the remainder when 18524 is divided by 386?
382
What is the remainder when 194645 is divided by 23?
19
Calculate the remainder when 11636 is divided by 2413.
1984
Calculate the remainder when 17463 is divided by 440.
303
What is the remainder when 61139 is divided by 208?
195
Calculate the remainder when 191293 is divided by 64.
61
Calculate the remainder when 73625 is divided by 61.
59
What is the remainder when 4933 is divided by 353?
344
What is the remainder when 41755 is divided by 19?
12
What is the remainder when 403685 is divided by 134553?
26
Calculate the remainder when 24809 is divided by 862.
673
Calculate the remainder when 35751 is divided by 59.
56
Calculate the remainder when 2185 is divided by 35.
15
Calculate the remainder when 3934430 is divided by 339.
335
Calculate the remainder when 50494 is divided by 4590.
4
What is the remainder when 10616 is divided by 136?
8
What is the remainder when 48544 is divided by 45?
34
What is the remainder when 4088 is divided by 1199?
491
Calculate the remainder when 10171 is divided by 39.
31
Calculate the remainder when 14290 is divided by 751.
21
What is the remainder when 136366 is divided by 93?
28
What is the remainder when 81953 is divided by 110?
3
What is the remainder when 77348 is divided by 4?
0
Calculate the remainder when 11619 is divided by 232.
19
Calculate the remainder when 7719 is divided by 561.
426
Calculate the remainder when 1081 is divided by 851.
230
What is the remainder when 282790 is divided by 56557?
5
What is the remainder when 1728 is divided by 308?
188
What is the remainder when 1004 is divided by 917?
87
Calculate the remainder when 76250 is divided by 44.
42
Calculate the remainder when 19702 is divided by 232.
214
What is the remainder when 47435 is divided by 332?
291
What is the remainder when 96771 is divided by 448?
3
What is the remainder when 71153 is divided by 201?
200
What is the remainder when 5170 is divided by 626?
162
What is the remainder when 1924222 is divided by 128?
126
Calculate the remainder when 193 is divided by 91.
11
Calculate the remainder when 125581 is divided by 25113.
16
What is the remainder when 943480 is divided by 288?
280
What is the remainder when 4926 is divided by 353?
337
What is the remainder when 146280 is divided by 6360?
0
What is the remainder when 1020 is divided by 141?
33
What is the remainder when 2821 is divided by 929?
34
What is the remainder when 537 is divided by 54?
51
What is the remainder when 135675 is divided by 67834?
7
What is the remainder when 18718 is divided by 63?
7
Calculate the remainder when 824888 is divided by 1473.
8
What is the remainder when 1298 is divided by 95?
63
What is the remainder when 699 is divided by 193?
120
Calculate the remainder when 23829 is divided by 34.
29
Calculate the remainder when 1074 is divided by 22.
18
Calculate the remainder when 12037 is divided by 6003.
31
What is the remainder when 63675 is divided by 122?
113
What is the remainder when 12892 is divided by 12843?
49
What is the remainder when 2411 is divided by 30?
11
Calculate the remainder when 573 is divided by 77.
34
What is the remainder when 11459 is divided by 106?
11
What is the remainder when 5897 is divided by 369?
362
Calculate the remainder when 6459 is divided by 1749.
1212
Calculate the remainder when 212121 is divided by 203.
189
What is the remainder when 769 is divided by 163?
117
Calculate the remainder when 129538 is divided by 422.
406
Calculate the remainder when 9582 is divided by 58.
12
Calculate the remainder when 9238 is divided by 837.
31
What is the remainder when 6796 is divided by 57?
13
Calculate the remainder when 817 is divided by 134.
13
What is the remainder when 5534 is divided by 1207?
706
Calculate the remainder when 3731 is divided by 144.
131
What is the remainder when 1581 is divided by 363?
129
Calculate the remainder when 18137 is divided by 958.
893
What is the remainder when 854036 is divided by 11?
7
Calculate the remainder when 891 is divided by 294.
9
Calculate the remainder when 4094 is divided by 1942.
210
What is the remainder when 724589 is divided by 102?
83
Calculate the remainder when 16792 is divided by 1049.
8
Calculate the remainder when 10419 is divided by 138.
69
Calculate the remainder when 307 is divided by 296.
11
Calculate the remainder when 19076 is divided by 242.
200
Calculate the remainder when 183187 is divided by 30528.
19
What is the remainder when 36190 is divided by 19?
14
What is the remainder when 6917 is divided by 37?
35
Calculate the remainder when 754469 is divided by 498.
497
Calculate the remainder when 6317 is divided by 1256.
37
What is the remainder when 19251 is divided by 4811?
7
What is the remainder when 4896 is divided by 577?
280
What is the remainder when 124138 is divided by 5910?
28
Calculate the remainder when 5448 is divided by 779.
774
Calculate the remainder when 7769 is divided by 3872.
25
What is the remainder when 1653 is divided by 182?
15
What is the remainder when 11890 is divided by 3898?
196
What is the remainder when 5440 is divided by 319?
17
What is the remainder when 4900 is divided by 114?
112
What is the remainder when 1051 is divided by 140?
71
Calculate the remainder when 71787 is divided by 41.
37
Calculate the remainder when 47754 is divided by 16.
10
Calculate the remainder when 1159071 is divided by 5.
1
Calculate the remainder when 13705 is divided by 403.
3
Calculate the remainder when 1068288 is divided by 10.
8
Calculate the remainder when 1448 is divided by 289.
3
Calculate the remainder when 6311 is divided by 1894.
629
Calculate the remainder when 17783 is divided by 1975.
8
Calculate the remainder when 110523 is divided by 218.
215
What is the remainder when 8456 is divided by 300?
56
What is the remainder when 14358 is divided by 7169?
20
What is the remainder when 39211 is divided by 1874?
1731
Calculate the remainder when 16863 is divided by 152.
143
Calculate the remainder when 12557 is divided by 93.
2
What is the remainder when 46590 is divided by 14?
12
Calculate the remainder when 55567 is divided by 23.
22
Calculate the remainder when 11360 is divided by 167.
4
What is the remainder when 5472 is divided by 912?
0
What is the remainder when 74473 is divided by 46?
45
What is the remainder when 7372 is divided by 211?
198
Calculate the remainder when 47790 is divided by 